divided by a?
7
Let a = -200 - -268. What is the remainder when a is divided by 37?
31
Let z = 52 - 30. Suppose -3*x - z = -2*b - 5*x, 2*b + 4*x = 26. Let q(h) = -4*h - 4. What is the remainder when q(-5) is divided by b?
7
Let c(k) = k**3 - 5*k**2 + 5*k + 3. Let j be c(4). Let b = 2 + j. What is the remainder when b is divided by 6?
3
Let g = 23 - -2. Let d(a) = -5*a - 13. Let f(w) = 14*w + 38. Let r(b) = 17*d(b) + 6*f(b). Calculate the remainder when g is divided by r(0).
4
Let t(o) = 4*o**2 + 3 - 2 - o**3 + o + 2. What is the remainder when (-7)/((-28)/16)*11 is divided by t(3)?
14
Let c = -2 + 13. Let g = c - 2. Let b = -3 + g. Calculate the remainder when 11 is divided by b.
5
Let o = 1 - -1. Suppose 0 = 3*h - 5*y - 59 - 112, -5*h + o*y + 304 = 0. Calculate the remainder when 2/(4/h) + -3 is divided by 10.
8
Let m be 10/5*22/(-2). Let v = m - -46. Suppose -3*x + x = -v. Calculate the remainder when 23 is divided by x.
11
Suppose 0 = -3*z + 5*h + 16, 3*z = 2*z + 3*h + 8. Let y be 22/(-3) - z/(-6). Let r = y - -27. What is the remainder when r is divided by 7?
6
Let h(z) = 4*z + 115. Let f = 160 + -104. Calculate the remainder when f is divided by h(-24).
18
What is the remainder when 12/(-15)*6*-5 is divided by 9?
6
Calculate the remainder when 1/(-5) - 1648/(-40) is divided by 11.
8
Suppose 30 = 3*d + 3*c, -73 = -4*d - c - 18. Calculate the remainder when 44 is divided by d.
14
Let i = -4 - -15. What is the remainder when 43 is divided by i?
10
Let b be (-20)/(-3*1/(-3)). Let g = -8 - b. Calculate the remainder when 23 is divided by g.
11
Suppose 0 = 2*s + 20*b - 23*b - 328, -169 = -s - b. What is the remainder when s is divided by 21?
20
Calculate the remainder when (-16)/((28/8)/(-7)) is divided by 17.
15
Suppose 6*z = 5*k + 2*z - 136, 4*z + 24 = k. Suppose -4*i = -2*i. Let h = i - -10. What is the remainder when k is divided by h?
8
Suppose -3 - 12 = -b. Let o be b/3 - (0 - -1). Suppose c = 2*p - 3*c + 8, 5*p - o*c + 2 = 0. What is the remainder when 2 is divided by p?
0
Suppose -69 = -x + 4*x. Let t = x - -49. Calculate the remainder when t is divided by 9.
8
Let j = -19 + 28. Calculate the remainder when j is divided by 4.
1
Let a = 146 + -134. What is the remainder when (-1 - 0)/2*-94 is divided by a?
11
Calculate the remainder when 4 + 0 + 6/1 is divided by 5.
0
Suppose 2*w - 22 + 6 = 0. Let t(b) = -b**2 - 12*b + 95. What is the remainder when t(-16) is divided by w?
7
Let r(h) = -h**2 - 10*h - 2. Calculate the remainder when 27 is divided by r(-8).
13
Suppose -4*v = -5*b - 139, v - 67 = -v + 5*b. Let d = 0 - -6. Calculate the remainder when v is divided by (1 - d/4)*-38.
17
Suppose -k + 2 = -0. Suppose -5*m + 5 = 0, -k*m = 5*y - 4*y - 14. Calculate the remainder when 21 is divided by y.
9
Suppose 0 = -4*a + 4*x + 60, 5*x + 11 = -2*a + 3*a. Calculate the remainder when 78 is divided by a.
14
Let q = -143 + 151. Calculate the remainder when 199 is divided by q.
7
Suppose 3*v = 35 - 2. What is the remainder when v is divided by (36/8)/((-3)/(-4))?
5
Let f = 17 + -6. What is the remainder when 31 is divided by f?
9
Let b(c) = 29*c - 12. Calculate the remainder when b(5) is divided by 34.
31
Let p(n) = n**2 + 3*n - 27. What is the remainder when p(10) is divided by 21?
19
What is the remainder when (-6)/60 + 1531/10 is divided by 39?
36
Let h(a) = -a**2 - 9*a + 7. Let o be h(-6). Let k = o + -13. What is the remainder when k is divided by 7?
5
Let m(u) = 18*u**2 - u + 2. Calculate the remainder when m(1) is divided by 5.
4
Let c(x) = x + 5. Let r be c(-5). Suppose r = -s + 4 + 8. Calculate the remainder when 11 is divided by (16/(-6))/((-8)/s).
3
Let q(m) = 5*m. Suppose -5*o + 2*o + 125 = 4*d, -5*o = -5*d - 185. What is the remainder when o is divided by q(4)?
19
Suppose 2*v - 46 = -2*m, -v + 6 = 2*v. Calculate the remainder when 83 is divided by m.
20
Suppose 0 = -2*m - 0*m + 10. Calculate the remainder when m is divided by 0 - (-4)/(12/9).
2
Suppose 0*k + 34 = k - 3*m, -3*k = m - 72. What is the remainder when k is divided by 7?
4
Let h(w) = w**3 + 7*w**2 - 10*w - 12. Suppose -5*b + 3 = -7. What is the remainder when h(-8) is divided by b?
0
Let l(d) = 4*d**2 - 2*d**2 + 8*d + 4 - 6*d + 0*d**2. Calculate the remainder when 45 is divided by l(-3).
13
Let p = -176 - -200. What is the remainder when p is divided by 14?
10
Suppose -18*m + 35 = -17*m. Calculate the remainder when m is divided by 4/(-10) + (-92)/(-5).
17
Let i = 61 + -41. What is the remainder when 78 is divided by i?
18
Suppose -3*p = -6*p. Suppose p = 5*d - d - 60. Let x = 26 - d. What is the remainder when 31 is divided by x?
9
Let g = 11 + -2. Calculate the remainder when 16 is divided by g.
7
Let l = 223 - 219. Let v(s) = 2*s**3 + 3*s**2 + s. Let y(w) = -w**3 - w**2. Let r(q) = -v(q) - 4*y(q). Calculate the remainder when l is divided by r(1).
0
Let c(x) = x**3 - 9*x**2 + 9*x + 9. Let s be c(8). Let m = -3 + s. Calculate the remainder when m is divided by 5.
4
Let n(s) = -3*s - 12. Calculate the remainder when 8 is divided by n(-5).
2
Suppose -2*d - 2*d + 4*g + 40 = 0, -77 = -5*d - 4*g. Suppose 0*k + 2*k = -58. Let x = 54 + k. What is the remainder when x is divided by d?
12
What is the remainder when 9 is divided by (-12)/(-9)*(-6)/(-4)?
1
Let o = -22 + 32. Suppose -6*h - 3*j = -5*h - 58, 4*h + 2*j = 202. Calculate the remainder when h is divided by o.
9
Suppose h - 2 - 6 = 0. Calculate the remainder when 31 is divided by h.
7
Let q = 5 + 69. Suppose -k = -0 - q. Calculate the remainder when k is divided by 15.
14
Suppose 3*q + 6 = 4*c, 4*c - q - 5 = 5. Suppose 0 = c*i + 9, b - 2*i = 3*i + 68. What is the remainder when b is divided by 28?
25
Let p(a) = 3*a**2 - 11*a + 4. Calculate the remainder when p(8) is divided by 22.
20
Let x = -29 + 40. Calculate the remainder when 42 is divided by x.
9
Let j be (-1)/2*-2*2. Suppose 5*h - 20 = -j*a, 3*a + 2*h + 2*h = 16. Suppose -i + 23 + 0 = a. What is the remainder when i is divided by 12?
11
Let f be (-150)/20*4/(-3). Let r(l) = -l**2 + 10*l + 10. Calculate the remainder when r(f) is divided by 6.
4
Suppose 2*v - v - 9 = 0. What is the remainder when 3 + (-3 - -18) + -3 is divided by v?
6
Let v(a) = a**2 + 3*a + 2. What is the remainder when 96 is divided by v(3)?
16
Let b(g) = 3*g**2 - 3*g + 3. Let j be (-5)/(-2)*24/30. Calculate the remainder when 33 is divided by b(j).
6
Let p be -2 + (6 - 3) + -15. Let x = p + 27. What is the remainder when 37 is divided by x?
11
What is the remainder when 32 is divided by 3/(124/(-68) - -2)?
15
Let m = -2 + 7. Suppose m*r = 2*d - 21 + 1, -3*r - 1 = d. Suppose 0*v + v - d = y, 0 = 5*v + y - 43. Calculate the remainder when 23 is divided by v.
7
Let q(f) = f**3 + 5*f**2 - 3*f - 4. Calculate the remainder when 54 is divided by q(-5).
10
Let q(g) = g**3 - 9*g**2 - 9*g - 7. Suppose 0 = -4*f - 5*i - 45, -5*f = 4*i - 18 + 81. Let l = f + 23. Calculate the remainder when l is divided by q(10).
2
Let h(v) = 40 - 20*v - v - 17 - v**3 + 21*v**2. Calculate the remainder when 11/4*4*1 is divided by h(20).
2
Suppose 0 = 2*t - 3*h - 5, 2*h + 0 = -t - 1. Let j be -3 + 16 + 0 + t. Suppose 4*x + 6 = j. Calculate the remainder when 2 is divided by x.
0
Suppose -303 = -4*h + a, -4*h + 132 + 180 = -4*a. Suppose -h = -3*u - 2*u. Calculate the remainder when 57 is divided by u.
12
Suppose 2*j - 5*l = -2*j - 13, -4*j + 37 = 5*l. Calculate the remainder when j is divided by 2.
1
Let f = 27 - -39. Suppose -w = -f - 1. Calculate the remainder when w is divided by 23.
21
Let c = 8 + -29. Suppose 0*s = -3*s + 117. Let r = c + s. What is the remainder when 35 is divided by r?
17
Let o = -5 - -14. Suppose 0 = 3*d - 0 - o. Suppose 27 = 3*t - 3*a, t - d*a + 3 = 2*a. Calculate the remainder when 34 is divided by t.
10
Suppose -2*m + 45 = -h, m = 3*m - 3*h - 43. What is the remainder when m is divided by 8?
7
Let l = -98 + 117. Calculate the remainder when 73 is divided by l.
16
Let t = -2 + 0. Let p = 7 + t. What is the remainder when 14 is divided by p?
4
Let k = -51 + 61. What is the remainder when k is divided by 6?
4
Let f(b) = b**3 - b - 1. Let v be f(2). Suppose v*q - 3*t - 120 = q, -23 = -q - t. Calculate the remainder when q is divided by 10.
7
Suppose -a + 5*a - 12 = 0. Suppose 0 = -d - 0*d + 2*c + 12, 0 =